et v(r) = -r**2 - 8*r + 16. Calculate v(y).
-4
Let z be 27 + 1 - (6 + 1 + -7). Let g(d) = -3 - 51*d + z*d + 25*d. Give g(2).
1
Let b(l) = -3*l**2 + 49*l + 194. Let q(c) = 2*c**2 - 33*c - 142. Let p(g) = 5*b(g) + 7*q(g). Determine p(11).
9
Suppose -33 = -c - 28. Let n(y) = -4*y - 7*y + 22 + 8*y - 7. What is n(c)?
0
Let v(y) = -y**2 + 4*y - 3. Let z(l) = l**2 - 6*l + 8. Let o be -18*(5 + -4)*33/(-9). Let n = o - 61. Let d be z(n). What is v(d)?
0
Let r(k) = 2403*k**2 - 24 - 2422*k**2 + 21*k - 4*k**3 + 0*k**3 + 3*k**3 - 2*k. Calculate r(-20).
-4
Let o(i) be the third derivative of -i**5/20 + 5*i**4/12 + 23*i**3/6 + 6*i**2 - 18*i + 10. Give o(-5).
-102
Let p(h) = -3*h**2 - 1839 - 1846 + h - 1849 + 2*h**2 + 5535. Let i be (3 - 0) + 0/1. Let t = 5 - i. Give p(t).
-1
Let d(l) = 18 - 35 + 5 + 1 - 2*l**2 + l**2 - 10*l. Let h(t) = t**3 + 6*t**2 + 8*t + 8. Let v be h(-5). Give d(v).
10
Let h(b) = 47*b + 985. Let w be h(-21). Let k(m) = 3*m**3 + 5*m**2 - 6. Give k(w).
-10
Let d(h) be the third derivative of -h**6/120 - 2*h**5/15 - h**4/2 - 5*h**3/2 - 2*h**2 + 2788. Determine d(-5).
-30
Let p(w) = -6*w**3 + 5*w**2 + 3*w - 2. Let o(y) = 2 + 0*y + 7*y**3 + 5 - 6*y**2 - 3*y - 5. Let h(s) = 5*o(s) + 6*p(s). Give h(2).
-4
Let j(b) = -b**3 + 8*b**2 - 7*b + 6. Suppose -141 - 75 = -27*x. Suppose x*d - 74 + 18 = 0. Give j(d).
6
Let d = 1367 + -1362. Suppose -2*f = -w + 2, 0 = -2*w - 2*f + 3 + 1. Let l(m) = 4 + 3*m**w - 8*m - m**2 - 1. Determine l(d).
13
Let i be -3 + (13/1 - 2). Let k(v) be the first derivative of v**4/4 - 3*v**3 + 4*v**2 - 3196. Determine k(i).
0
Suppose -3*g + 15 = -3*r, 0 = 2*r - r - 1. Let s(v) = 13 - 75*v + 4*v**2 + 71*v - g - 5*v**2. Determine s(-5).
2
Let i(j) = j**3 - j**2 - 1. Suppose -5*x = t + 3, -4*t - 2*x - 6 = -12. Suppose 4*f + 4 = 4*b, 4*f - t = -4*b + 6*f. Calculate i(b).
-1
Let h(w) = 2*w + 6. Suppose -2*d - 15*j = -11*j + 10, -3*d - 3*j = 15. Give h(d).
-4
Let q(s) = -s**2 - 17*s + 246. Let d(w) = -w**3 - 31*w**2 - 50*w - 590. Let a be d(-30). Determine q(a).
-24
Suppose 4*h = -5*b, -4*h = -4*b - 7*h. Suppose b = 9*w - 32 - 31. Let d(r) = r - 12. Calculate d(w).
-5
Let f(p) = -26 + 3 + 3*p + 21 - 2*p. Let h be -2 - 0 - (-3 - 8). Suppose 3*n - 4*a - 15 = -3, -3*a = 4*n + h. What is f(n)?
-2
Let j = -10765 + 10765. Let g(o) = -o**2 - 2*o + 167. Calculate g(j).
167
Let h(z) = -32*z**2 - 38*z + 28 - 8*z**2 + 0*z**2 + 21 - z**3. What is h(-39)?
10
Let l(w) = w**3 + 9*w**2 + 6*w + 2. Let g = 2612 + -2621. Give l(g).
-52
Let r = 4967/6 + -2482/3. Let d(s) be the second derivative of 1/6*s**4 + 0 - r*s**3 - 3/2*s**2 + 37*s. What is d(-2)?
11
Let r(k) be the first derivative of 1/2*k**2 - 8*k + 17. Calculate r(8).
0
Let r = -18026 - -18006. Let l(c) = -c**3 - 23*c**2 - 57*c + 46. Determine l(r).
-14
Let z be (-1 + (0 - 0))/1. Let i be 8 - 6/(2 - z). Let x(a) = -a**2 + 9*a + 5. Let c(g) = -g**2 + 15*g + 8. Let n(d) = c(d) - 2*x(d). Calculate n(i).
16
Let c(o) = 14*o - 49. Let y(j) = 24*j - 72. Let w(q) = 8*c(q) - 5*y(q). What is w(-6)?
16
Let f(m) be the second derivative of -m**3/6 + 5*m**2/2 + 672*m - 2. Let x be 0 - -1 - (-1 - 30/5). Calculate f(x).
-3
Let z(g) be the third derivative of -1/40*g**6 + 1/3*g**3 - 2 - 3*g**2 + 1/24*g**4 + 0*g + 1/60*g**5. Determine z(2).
-16
Let x(q) = 8*q - 7. Let z(f) = 185*f - 363. Let w be z(2). Determine x(w).
49
Let r = -618 + 622. Let o(x) = -x**2 + 6*x - 2. Calculate o(r).
6
Let b(q) be the first derivative of q**4/4 + q**3 + q**2 + 3*q - 276. Let a(j) = j - 4. Let w be a(6). Let z be (-13)/5 + w/(-5). Calculate b(z).
-3
Let r(g) = g. Suppose -m - 4*c - 8 = 0, -5*m - 40 = -0*c - 4*c. Let p = -9 - m. Let k(y) = -6*y. Let t(q) = p*k(q) - r(q). Give t(-1).
-5
Let n(t) = -5*t - 13. Let o(s) = -6*s - 12. Let g(z) = -5*n(z) + 4*o(z). Let u = -88445 - -88441. Determine g(u).
13
Let g be (235/423 - (-4)/9) + 4. Suppose 16 = -g*i + 9*i. Let v(o) = -o + 4*o + 0*o - 5. Calculate v(i).
7
Let a(f) = -4*f**2 + 5*f - 5. Let v = -2787 + 2789. Give a(v).
-11
Let t(l) = l - 7. Let m = -53 + 548. Let d = m + -499. What is t(d)?
-11
Let b(h) = 3*h - 37. Suppose 465 = 59*c + 996. Determine b(c).
-64
Suppose -13*f - 4 = -56. Suppose 0 = 5*j - o + 5*o + 25, -24 = 4*j + f*o. Let a(t) be the third derivative of -t**4/8 + t**2 + 35*t. Determine a(j).
3
Let x(b) = -b**3 + 5*b**2 + 14*b - 8. Let a be x(7). Let n(m) = 2*m**2 + 15*m - 6. Let f be n(a). Let j(c) = 5*c - 3. Determine j(f).
7
Let o(r) = -r**2 - 5*r - 6. Suppose -150 = 13*q - 449. Suppose -68 = 9*i - q. Give o(i).
-6
Let r(v) = -v**2 + 4*v - 2. Let u(m) = m**2 + 207*m + 2151. Let a be u(-11). Determine r(a).
-47
Let t(z) = 5*z - 25. Let o be (12/(-9) - 7/21)/((-8)/24). Calculate t(o).
0
Let a = -19 - -19. Let m(z) = z + 67 + a*z - 68. Calculate m(-3).
-4
Suppose 0 = -3*c - 8 - 7. Let f(v) be the second derivative of -v**3/6 - 3*v**2 - 7*v - 2. Calculate f(c).
-1
Let n(o) be the first derivative of -o**2 + 6*o + 83 - 1/4*o**4 + 7/3*o**3. Determine n(7).
-8
Let v(o) = o**3 + 4*o**2 - 7*o - 12. Suppose -143*x + 146*x = 42. Let h be (-21)/6*2/x*10. Determine v(h).
-2
Let c(g) = g**2 + 8*g + 15. Let j be c(-6). Suppose 4*n + j = o, -3 = -4*o + 5*o + 2*n. Let z(p) = -12*p + 1. Give z(o).
13
Let v(b) be the first derivative of -1 + 5/2*b**2 - 2*b. Suppose -40*q + 37*q = 2*k + 12, -3*k = 2*q + 23. What is v(q)?
8
Suppose -4*s = 2*k - 8926, -1009 - 3460 = -2*s + 5*k. Let v(l) = -s + 2232 - l. Give v(-5).
5
Suppose 4*q + 76 = 3*q - 4*o, -212 = 3*q + 4*o. Let v be q/272 - (-10)/8. Let r(z) = -4*z - 1. Give r(v).
-5
Let d(f) = -f**3 - 37*f**2 - 64*f + 199. Let g be d(-35). Let b(t) = t**2 + 10*t - 9. Give b(g).
2
Let a(l) be the third derivative of l**6/60 + l**5/30 + l**4/24 - l**3 - 10412*l**2. What is a(-2)?
-16
Let k be (66 - 71)/(261/131 + -2). Suppose -657*j = -k*j + 8. Let s(p) = 6*p + 2. Give s(j).
-22
Let r(j) = 7*j**2 - 4*j - 16. Let p be r(2). Let s(n) = 5*n**2 - 2*n + 2. Let t(q) = -11*q**2 + 3*q - 4. Let f(z) = 9*s(z) + 4*t(z). Calculate f(p).
-6
Let n(d) = -d**3 - 7*d**2 - d + 8. Let i be ((-20)/7)/((-10)/35 + 0). Let c(u) = -2*u + 3*u - 7 + 7 + i. Let s be c(-17). Determine n(s).
15
Let g(s) be the first derivative of -s**3/3 + 54*s - 444. Calculate g(7).
5
Let t(m) = 91*m - 133*m + 33*m + 292. Give t(32).
4
Let u(t) = 15*t**2 - t - 1. Let k be ((-196)/147)/((-4)/162). Suppose -32*n - 22*n = k. What is u(n)?
15
Let d(w) be the third derivative of 83*w**4/24 - w**3/6 + 79*w**2 + 5*w. Determine d(1).
82
Let u(p) = -2*p**2 + 2 + p + 9*p**3 - 14*p**3 + 4*p**3. Suppose 136 = 8*h + 152. Give u(h).
0
Let a(h) = -14*h**2 - 10*h - 5. Let g(n) = 30*n**2 + 21*n + 9. Let z(o) = 13*a(o) + 6*g(o). Calculate z(-4).
-27
Let h(d) = -6 + 28*d**3 + 22*d**3 - 1 - 21*d - 51*d**3 - 4 + 12*d**2. Calculate h(10).
-21
Let p(h) = 5*h + 26. Let r be (27/(-5) + 5 + 0)/((-1)/(-20)). Determine p(r).
-14
Let g be (-1 + -2)*(-4)/(-2). Let z(o) = -5*o - 3. Let k(y) = 6*y + 1. Let m(p) = -4*k(p) - 5*z(p). Let v be m(g). Let h(t) = t**2 - 6*t + 2. Give h(v).
-3
Let q(f) = 11*f**2 + 20*f + 199. Let z(k) = -28*k**2 - 39*k - 398. Let g(r) = 5*q(r) + 2*z(r). Determine g(29).
-4
Let s = -16137 - -16145. Let n(v) be the second derivative of -3/2*v**3 + 0 + 1/2*v**2 - 1/12*v**4 - s*v. What is n(-10)?
-9
Let d = -2 - 4. Let q(c) = 5*c - 5. Let w(v) = -4*v + 4. Let a(p) = d*w(p) - 5*q(p). Let h be 9/1 - (-88)/(-1012)*23. What is a(h)?
-6
Let i(f) = 3*f**2 - 6. Let s be i(3). Let n = 23 - s. Let o(t) = 5 + 7*t**2 + n - 1 - 7*t - 6*t**2. Determine o(5).
-4
Suppose -c + y + 4 = -1, 0 = 4*c + 3*y - 13. Let j(f) = 1864*f + 4 - 5 - 1862*f + 5. Determine j(c).
12
Let x(u) be the third derivative of -1/60*u**5 - 187*u**2 - 1/2*u**3 + 0*u + 0 + 1/8*u**4. Calculate x(2).
-1
Let y be (-131)/((2/(-6))/(3/(-9))). Let p = 136 + y. Let r(k) = 5*k + 17. Let b(l) = 4*l + 16. Let g(a) = 6*b(a) - 5*r(a). Give g(p).
6
Let a(n) be the first derivative of n**4/4 + 8*n**3/3 + 4*n**2 - 3*n - 631. Suppose -5*x - k = 40, -38 = 5*x - x + 2*k. Determine a(x).
-10
Suppose 5*g - 82 = -y, -11*g - y - 88 = -16*g. Suppose 4*q = -1 + g. Let m(o) = -o**2 + 6*o - 2. Give m(q).
6
Let f(a) = -9*a**2 + 26*a - 27. Let g(x) = -8*x**2 + 25*x - 23. Let d(v) = 6*f(v) - 7*g(v). Let m = 14 + -5. Give d(m).
-10
Let h be ((-240)/(-6))/160 + (-22)/